Is t a composite number?
False
Suppose -q = b - 6*b - 20, 2*q - 5*b - 15 = 0. Suppose 2*w + 11 = j, 0 = -2*j - w + 14 - 7. Let y = j - q. Is y a composite number?
True
Is 7 + -11 - (-658)/(-2)*-9 composite?
False
Let c = 1769 - -6698. Is c a prime number?
True
Let i(d) = 6*d**3 - 5*d**2 - 2*d + 3. Let j be i(5). Let h(p) = -3*p**2 + p + 31. Let q be h(-8). Let t = j + q. Is t a composite number?
False
Let z(i) = -i**3 + i**2 - i - 4. Let j be z(0). Let c(o) = 28*o + 4. Let q(n) = -1. Let l(b) = -c(b) + 2*q(b). Is l(j) a composite number?
True
Let r(t) be the third derivative of -t**3/6 - 7*t**2. Let f(a) = -204*a - 3. Let l(o) = f(o) - 2*r(o). Is l(-1) a prime number?
False
Let u be (-3)/15 + (-1896)/(-5). Suppose -a = 37 + 128. Let j = a + u. Is j prime?
False
Suppose 3*z + 8*d = 5*d - 18, 0 = 3*z - 5*d - 14. Let g(o) = 458*o**2 - 3*o - 1. Is g(z) a composite number?
True
Let o = 2590 + -1503. Is o a composite number?
False
Suppose 0*g = -t - 3*g + 12449, 5*t + 3*g - 62281 = 0. Is t composite?
True
Let v = -4 + 7. Let m be (v + -3 - -1)*-1. Is 8*28 + m*3 prime?
False
Let s(f) = f**3 - 8*f**2 - f + 2. Let q be s(8). Suppose -3*m = -w + 11, 10 = -5*w - 2*m - 3. Is (74/4)/(w/q) prime?
False
Let g be (-2 - 0)*20/8. Let f = g + 7. Suppose 2*i + 645 = 3*t, -4*t + 1163 = -f*i + 303. Is t prime?
False
Suppose z + 4*b = 100, 2*z + 100 = 3*z - 5*b. Let f = z + -79. Is f prime?
False
Is (2384/(-12) - -1)*-3 prime?
True
Let k = 41777 - 28038. Is k prime?
False
Let v(t) = 225*t**2 - 6. Let i be -5*4/(-70) - 19/(-7). Is v(i) a composite number?
True
Suppose 3*u + 4 = -20. Let x be (u/(-6))/((-4)/(-1512)). Suppose 3*o = 687 + x. Is o a prime number?
True
Suppose -30*g - 148253 = -37*g. Is g a composite number?
False
Let q(b) = -102*b**3 + 3*b**2 - 4*b + 7. Let o be q(3). Is (0 - (-3)/(-12))*o prime?
True
Let u be (6 - 0) + (-44)/(-11). Let x = u - -139. Is x a composite number?
False
Suppose 31556 = 2*l + 5*t, -21482 = -2*l - 4*t + 10076. Is l composite?
True
Suppose -11 + 36 = 5*n. Suppose 4*o + 20997 = 5*t + 2*o, -n*o + 20 = 0. Is t prime?
True
Suppose -5*z + 9*i - 6*i = -35, -z + 35 = 5*i. Suppose -2*t - z*t + 20724 = 0. Is t composite?
True
Let g = -53094 + 77725. Is g composite?
False
Let d(g) = -g**3 + 6*g**2 - 7*g - 2. Let t be d(4). Is -1*t + 675/(2 + -1) a prime number?
True
Let l(s) = 40*s**2 - 56*s - 115. Is l(27) a composite number?
True
Let u(s) be the second derivative of -s**4/12 + s**3 + 17*s**2/2 + 11*s. Let f be u(8). Is (f + 0)/((-5)/(-2905)) prime?
False
Suppose 9*p = 13*p - 18964. Is p a composite number?
True
Let y(u) = -116*u - 2. Let v = 15 + -17. Let h be y(v). Suppose 4*i = 0, i = -5*g - i + h. Is g a composite number?
True
Let y(i) be the second derivative of 7*i**3/2 - 7*i**2/2 + 6*i. Is y(2) a prime number?
False
Let r(d) = -d**2 - 4. Suppose -3*w = -4*g + 15, -3*w + 2*w = -2*g + 5. Let p be r(g). Is ((-492)/8)/(2/p) composite?
True
Suppose -5*n + l + 3*l = -130507, 0 = n - l - 26102. Is n composite?
False
Let j(m) = 4*m**3 + 24*m**2 + 8*m - 181. Is j(20) a composite number?
False
Let m(u) = -u**2 + 16*u + 19. Let f(d) = d**3 - 2*d**2 + 5*d - 7. Let w be f(3). Let y be m(w). Suppose a + y*a = 573. Is a composite?
False
Suppose -5*q - 2*n = 2, 5*q - n - 3 = 2*n. Suppose -4*x + 8*x - 1284 = q. Let j = x + -67. Is j a prime number?
False
Suppose 2*r - 2 - 1 = -f, -4*r + 5 = f. Let i be -1*f/(-2)*0. Suppose a + i*a - 218 = 0. Is a a prime number?
False
Suppose 2*s + 3297 = 10883. Is s prime?
True
Is ((-279117)/(-198) - 4/22)*2 prime?
True
Let r(c) = -17*c + 36*c - 16*c - 12*c + 1. Suppose -5 = 3*u + 13. Is r(u) a composite number?
True
Let m be 30*-2*(-2)/8 + -1. Is (-6)/21 - (-8978)/m composite?
False
Suppose 0*t = -o + 5*t + 24, -38 = -2*o + 5*t. Let j = o + -12. Let z(p) = 33*p**3 + 2*p**2 - 3*p + 1. Is z(j) prime?
False
Let c be -1*4*-1 - (-5 + 9). Suppose c = -6*w + 11422 + 1496. Is w a composite number?
False
Suppose -5*r = 2*u - 818, -5*r + 2*u = -3*u - 790. Let g be (-2)/(-3) + 10/(-15). Suppose 3*m = 2*n + 229, n = -2*m - g*m + r. Is m composite?
False
Let x = -20 - -23. Suppose 0 = -6*r + 9 - x. Let q(w) = 304*w + 3. Is q(r) a prime number?
True
Let i be (7/(-21))/((-2)/(-150)). Let o = 111 + i. Is o composite?
True
Let p(f) = -3*f - 17. Let d be p(-6). Is 446/(-6)*(d + -4) composite?
False
Let l(r) = r**3 - 3*r**2 + 2*r - 6. Let v be l(4). Let x be 4056/v + 2/3. Suppose 479 + x = 3*a. Is a prime?
False
Let b be (1/(-2))/(6/(-3384)). Suppose 0*s = s - b. Suppose 0 = -8*n + 5*n + s. Is n prime?
False
Suppose -21*w - 15 = -26*w. Suppose -5*n + 4*v + 1881 = 0, -w = -2*v - 11. Is n composite?
False
Let r = 944 - -1259. Is r a composite number?
False
Let w(f) = f**3 + 13*f**2 - 7*f - 17. Let y = -14 - -13. Let p be 2 + y/1*14. Is w(p) prime?
True
Let c = -5 - -8. Is (-1*(c + -1))/(12/(-12666)) composite?
False
Let z(r) = 7*r - 5. Let q(v) = -v + 1. Let h(a) = -6*q(a) - z(a). Let y be h(-6). Let s = 26 + y. Is s composite?
False
Is 126/(-42)*(8596/(-3))/4 a prime number?
False
Let g = 1457 + -704. Suppose 8*q - 5*q = g. Is q a prime number?
True
Let h(l) = 4*l**2 - 4*l + 13. Let a(y) = y**2 + 10*y + 28. Let t be a(-9). Is h(t) composite?
False
Suppose 3*x - 12391 = 5*x - v, 4*v + 6182 = -x. Let q = x - -12199. Is q composite?
True
Suppose -7*u + 578704 = 9*u. Is u a prime number?
False
Let a = 16 + -11. Suppose 2754 = a*q - 2476. Is q a composite number?
True
Let r(y) = y - 2. Let b(q) = q - 2. Let a(l) = 6*b(l) - 7*r(l). Let x be a(0). Suppose -6*z = -x*z - 844. Is z a composite number?
False
Suppose -3*b + 1 = -5*z, 0*b - 5*z + 7 = b. Suppose -b*d + 4*u + 12 = 0, u = -d + 3*d - 18. Let j(a) = -a**3 + 9*a**2 + 15*a - 13. Is j(d) composite?
False
Suppose 0 = -5*f + 4*g + 176909, -35380 = -6*f + 5*f - g. Suppose 3*j + 9818 = f. Is j composite?
False
Let i(l) = l**2 + 3*l. Suppose 2*j - 5*h - 11 = j, j + 5*h + 19 = 0. Let c be i(j). Suppose 0*w - c*w = -52. Is w a composite number?
False
Let i = -78 + 46. Let h = i - -33. Let g(j) = 202*j**2 + j. Is g(h) a prime number?
False
Suppose p - 2 = 0, 0*y - 2*y - 4*p = -18. Let r(h) = h**3 - h**2 - 3*h + 3. Let f be r(2). Is f + y/((-20)/(-708)) prime?
False
Let x(t) = 3 - 2 + 7*t + 13*t - 6*t. Let u(w) = 29*w + 3. Let q(h) = 6*u(h) - 11*x(h). Is q(3) composite?
False
Suppose 0 = 9*g - 7049 - 14452. Is g a composite number?
False
Let w = -1725 + 873. Let c = w - -1415. Is c prime?
True
Let p(q) = q**3 - 7*q - q**2 - 13*q - 13 + 4*q**2 + 24*q. Is p(13) prime?
False
Suppose 4*m = 3*q - 1, 4*m = q + 2*m + 3. Suppose 0 = -3*l + q + 8. Is (-3 + l)/(4/290) a prime number?
False
Suppose -3*x - 827 = 955. Let q = -2831 + 1024. Let m = x - q. Is m prime?
True
Let h = 3717 - -2920. Is h a composite number?
False
Suppose 0 = -28*p + 24*p + 3820. Is p a prime number?
False
Let l = 15970 - 7511. Is l prime?
False
Suppose -z = 3*a - 1252 - 1453, 0 = 3*z - 15. Suppose -16*t + a = -3372. Is t prime?
False
Suppose 3*t - 6835 = -5*h + 3*h, -4*t = 4*h - 9112. Is t prime?
False
Is (-24)/204 - 34310/(-34) a composite number?
False
Let q be (-7)/21 - (-46)/3. Let k be (0 - 4) + (18 - q). Is -6 + 6 - (-48 - k) a prime number?
True
Let r be 3/(-9) + 6/(-9). Is (-37)/(-2) - (r/(-2) - 1) prime?
True
Let i be (63/18 - 3)/(1/2). Is ((-35)/(-10) - i)*766 a composite number?
True
Let s = 146 + 465. Let l = s - 337. Is l a prime number?
False
Let p = 15947 + -10908. Is p a prime number?
True
Let f = -2379 + 3367. Let m = f + -491. Is m composite?
True
Suppose 0*i + 4623 = 3*i. Is i prime?
False
Let y = -25506 + 55295. Is y a prime number?
True
Suppose 5*v - 458 - 362 = 0. Let x = v - -47. Is x composite?
False
Suppose 5*a - 4*a + 94 = 5*w, 2*w + a - 32 = 0. Let j = w - 18. Suppose -2*m + 65 + 45 = j. Is m prime?
False
Let h(j) = -2 + 2 - 2 - 115*j - 2. Is h(-3) composite?
True
Let s(b) = -b**3 - 9*b**2 - 10*b - 10. Let v be s(-8). Suppose 6871 = v*w + 991. Let f = w - 549. Is f a prime number?
True
Suppose -44*j + 442046 = -3956502. Is j composite?
True
Let g be 876/(-8)*5/(-3)*-2. Let b = 682 + g. Is b a composite number?
False
Let r(z) = z**2 - z + 18. Let n be r(7). Suppose -n = -3*k + 1833. Is k a composite number?
False
Let k = 1676 + -1173. Is k a prime number?
True
Let s be 2 - (-511 - (-5 + 3)). Is (-8)/(